e greatest common factor of 396726 and 1320?
66
Calculate the greatest common factor of 216299 and 3431.
73
What is the greatest common divisor of 288 and 2754?
18
Calculate the highest common factor of 1005759 and 9.
9
Calculate the highest common divisor of 7049 and 148771.
371
What is the highest common divisor of 90740 and 3055?
65
Calculate the greatest common divisor of 610 and 7442.
122
Calculate the highest common divisor of 442 and 1090414.
442
What is the greatest common divisor of 45 and 28422?
9
What is the greatest common divisor of 660 and 26004?
132
Calculate the highest common divisor of 493 and 22423.
17
Calculate the greatest common factor of 14144 and 17459.
221
What is the highest common factor of 78 and 898482?
78
What is the greatest common factor of 58542 and 264?
66
What is the highest common divisor of 56412 and 27?
9
What is the highest common divisor of 15780 and 120?
60
Calculate the highest common divisor of 24164 and 84.
28
Calculate the greatest common divisor of 285201 and 378.
189
Calculate the greatest common divisor of 1412712 and 504.
504
Calculate the highest common divisor of 60 and 172460.
20
What is the greatest common factor of 268132 and 8?
4
Calculate the greatest common divisor of 212 and 591268.
212
Calculate the highest common factor of 1649 and 8483.
17
Calculate the highest common factor of 24963 and 636.
159
Calculate the greatest common factor of 350 and 24010.
70
What is the highest common divisor of 59616 and 243?
81
Calculate the greatest common factor of 153 and 68595.
51
What is the greatest common factor of 332 and 2972?
4
Calculate the highest common divisor of 900 and 57700.
100
Calculate the greatest common factor of 11520 and 648.
72
What is the highest common divisor of 56635 and 449465?
1205
Calculate the greatest common factor of 8248 and 16.
8
What is the highest common divisor of 714 and 2180556?
714
Calculate the highest common factor of 133 and 58919.
133
What is the greatest common divisor of 72 and 2826?
18
Calculate the greatest common factor of 24 and 2723928.
24
What is the greatest common divisor of 113640 and 360?
120
Calculate the highest common divisor of 93026 and 1158.
386
Calculate the highest common factor of 1793 and 70416.
163
Calculate the greatest common divisor of 97518 and 30.
6
What is the greatest common factor of 203134 and 188?
94
Calculate the greatest common factor of 48 and 486736.
16
Calculate the highest common divisor of 130269 and 15051.
519
Calculate the greatest common factor of 391 and 8007.
17
What is the greatest common divisor of 74291 and 7?
7
What is the greatest common divisor of 584 and 10624?
8
What is the greatest common factor of 432 and 169072?
16
Calculate the greatest common divisor of 11332016 and 16.
16
Calculate the highest common factor of 40631 and 65406.
991
Calculate the highest common divisor of 392 and 2436378.
98
Calculate the highest common factor of 40408 and 8.
8
Calculate the highest common divisor of 69 and 608925.
69
Calculate the highest common divisor of 2815 and 235.
5
What is the greatest common divisor of 1653 and 751317?
57
What is the greatest common factor of 4016304 and 5184?
1296
Calculate the greatest common divisor of 596 and 851684.
596
Calculate the greatest common factor of 54 and 1809.
27
Calculate the highest common divisor of 115368 and 8436.
228
What is the greatest common factor of 299 and 6647?
23
What is the greatest common factor of 93758 and 777?
259
Calculate the greatest common divisor of 402911 and 59.
59
What is the highest common divisor of 8899 and 9713?
11
Calculate the greatest common factor of 45 and 420435.
45
Calculate the highest common divisor of 82433 and 17.
17
Calculate the greatest common factor of 16 and 42632.
8
What is the highest common factor of 10 and 62685?
5
What is the greatest common divisor of 49 and 17360?
7
What is the greatest common factor of 41 and 39934?
41
What is the greatest common factor of 128 and 156544?
128
Calculate the greatest common factor of 30304 and 17993.
947
Calculate the highest common factor of 358 and 100598.
358
Calculate the greatest common divisor of 47847 and 615.
123
Calculate the greatest common divisor of 2189560 and 180.
20
Calculate the greatest common divisor of 18411 and 87723.
1083
Calculate the greatest common divisor of 1884 and 317454.
942
What is the greatest common factor of 544095 and 1070?
535
Calculate the greatest common divisor of 2552 and 489752.
232
Calculate the highest common divisor of 495 and 56595.
165
Calculate the highest common factor of 7 and 369502.
7
Calculate the highest common divisor of 13224 and 399.
57
Calculate the greatest common divisor of 816 and 29272.
8
Calculate the greatest common divisor of 105116 and 44.
44
What is the greatest common factor of 54 and 862542?
54
Calculate the highest common factor of 4921 and 999.
37
What is the greatest common divisor of 35135 and 845?
5
What is the highest common divisor of 10815 and 33915?
105
Calculate the highest common divisor of 12300 and 640.
20
What is the highest common factor of 14 and 13789566?
14
Calculate the highest common divisor of 13272 and 4074.
42
What is the highest common factor of 10176 and 6852?
12
What is the greatest common divisor of 1120 and 9220?
20
Calculate the greatest common factor of 12 and 209166.
6
Calculate the highest common divisor of 23589 and 63.
9
What is the highest common divisor of 142 and 21655?
71
What is the highest common divisor of 1102 and 12008?
38
Calculate the greatest common divisor of 18010 and 990.
10
What is the greatest common factor of 45 and 50229?
9
Calculate the greatest common divisor of 830527 and 316.
79
Calculate the highest common factor of 15792 and 1776.
48
What is the greatest common factor of 76 and 1349?
19
Calculate the highest common divisor of 3515 and 1049579.
703
Calculate the greatest common divisor of 156692 and 344.
172
What is the greatest common divisor of 1008 and 89796?
84
Calculate the greatest common divisor of 34704 and 144.
144
What is the greatest common divisor of 100 and 56820?
20
What is the highest common factor of 510 and 45492?
102
Calculate the highest common divisor of 21071 and 2451.
19
Calculate the highest common divisor of 518 and 1279534.
74
Calculate the highest common divisor of 327519 and 1359.
1359
What is the greatest common factor of 378 and 13062?
42
Calculate the highest common divisor of 101 and 559.
1
Calculate the highest common factor of 261 and 203.
29
What is the highest common divisor of 31 and 54188?
31
What is the highest common factor of 6464 and 228664?
808
What is the greatest common divisor of 14 and 2639?
7
Calculate the greatest common divisor of 850 and 2890.
170
Calculate the greatest common factor of 2260 and 989428.
452
Calculate the highest common divisor of 3996 and 481.
37
Calculate the highest common divisor of 604215 and 290.
145
Calculate the highest common divisor of 162687 and 732.
183
What is the highest common factor of 62914 and 2?
2
What is the greatest common divisor of 105 and 573321?
21
What is the greatest common divisor of 238 and 2822?
34
Calculate the highest common factor of 22 and 348106.
22
Calculate the highest common divisor of 257616 and 288.
144
What is the greatest common divisor of 288294 and 2?
2
What is the greatest common divisor of 403 and 3999?
31
What is the highest common factor of 38683 and 1915?
383
What is the greatest common divisor of 325 and 56275?
25
What is the greatest common divisor of 32 and 4830416?
16
Calculate the greatest common factor of 22 and 17776.
22
What is the greatest common factor of 13664218 and 482?
482
Calculate the greatest common factor of 592 and 15244.
148
Calculate the highest common divisor of 371083 and 1.
1
What is the highest common divisor of 44 and 338382?
22
Calculate the highest common factor of 94 and 207458.
94
What is the greatest common divisor of 7047 and 15109?
29
What is the greatest common divisor of 2158 and 5434?
26
Calculate the greatest common divisor of 616 and 2079.
77
What is the greatest common factor of 2167792 and 226?
226
What is the greatest common divisor of 870269 and 974?
487
Calculate the greatest common factor of 4 and 458432.
4